se q + 8 = k - 8, 0 = -k - j*q + 1. Let h = 1 + 25. What is the greatest common factor of k and h?
13
Let a be 3/((-39)/30 - -1). Let x = 0 - a. What is the greatest common divisor of x and 80?
10
Suppose 0 = -3*k + 7 + 17. Let w = 16 - k. What is the highest common divisor of 1 and w?
1
Let g be 2 + 12 - (-5 + 8). What is the greatest common divisor of g and 88?
11
Suppose 3*d + 4*y - 10 = 0, -3*d + 6*d - 3*y = 45. Calculate the highest common factor of 70 and d.
10
Suppose 0 = 3*j + 5 - 14. Let l be 1*3 - (j - 4). Suppose -l*c + 168 = 2*y - 90, 2*c - 8 = 0. What is the greatest common factor of y and 11?
11
Let j = -223 - -327. What is the highest common divisor of j and 13?
13
Suppose 610 = 4*b - 138. Calculate the greatest common factor of 17 and b.
17
Suppose -2*d = -5*d - 5*b + 56, 5*b = 20. What is the greatest common divisor of 96 and d?
12
Let p(g) be the first derivative of 5*g**2/2 - 3*g + 2. Let t be p(4). Let y = 84 - -18. What is the highest common factor of t and y?
17
Suppose 20*h - 64 = 16*h. What is the greatest common divisor of h and 112?
16
Suppose 4*v = -3*l + 531, 3*v = -l + 185 + 217. Let b(j) = -j**2 - j + 4. Let q be b(-3). Let g = 13 - q. What is the highest common divisor of v and g?
15
Suppose 0 = 3*h + 1 - 22. Let s = h + -4. Let b be (-55)/(-2) - 9/18. Calculate the greatest common factor of s and b.
3
Let t be 0/(6/3 - 0). Let b(y) = y**2 - y + 9. Let c be b(t). Calculate the highest common factor of c and 99.
9
Suppose 0 = -3*a - 4*u + 91, -2*u - 117 = -0*a - 5*a. Calculate the greatest common divisor of 50 and a.
25
Let q = 50 + -33. Let k = 12 + -10. Let h(s) = 20*s**2 + 4*s - 3. Let u be h(k). What is the greatest common factor of q and u?
17
Suppose -46 = -4*s + 10. Suppose 0*w = 2*w - 70. Calculate the highest common divisor of s and w.
7
Let f(g) = -4 - g**2 - 2 + 3 - 14*g - 3. Let l be f(-12). Let t be 2/6 - (-860)/12. Calculate the greatest common factor of t and l.
18
Let j(d) = -d - 4. Let q be j(-7). Suppose q*i - 59 = 13. What is the highest common factor of 60 and i?
12
Let z be 16 - -94 - (-1 + -1). What is the greatest common factor of z and 16?
16
Let l be -1*(-3 - (0 - 0)). Let f = 29 - 40. Let v be 2/f + 1196/44. Calculate the highest common factor of v and l.
3
Let i be (-36)/(-5)*(-10)/(-3). Let x be (-75)/65 - 4/(-26). Let a be 6 + -3 - 9/x. What is the greatest common divisor of a and i?
12
Suppose 4*j = 5*d + 2*j - 79, 71 = 4*d + j. What is the highest common divisor of 1 and d?
1
Let v(r) be the second derivative of -r**5/20 - r**3/6 + 9*r**2/2 + 4*r. Let y be v(0). Calculate the highest common factor of 36 and y.
9
Suppose 5*m + z = 43, 0*m = 3*m + 3*z - 33. Calculate the highest common factor of 72 and m.
8
Suppose -k - 4*n = -395, 607 - 236 = k - 4*n. Let u = k - 251. What is the highest common factor of 12 and u?
12
Let q = 22 + -12. Let w be (-6)/15 + (-86)/q. Let u be (3 - 0)/(w/(-6)). What is the greatest common factor of u and 8?
2
Suppose -w + 5*c + 13 = 3*w, w + 5*c + 3 = 0. Let k = w + 1. Suppose -5*r = -5, -7*r + 3*r = 2*s - 52. What is the highest common divisor of s and k?
3
Let p = 223 - 125. What is the greatest common factor of p and 28?
14
Let w(d) = d**2 + 3*d + 2. Let n be w(-5). Let l(x) = x**2 + 4*x + 18. Let m be l(-6). Calculate the highest common divisor of n and m.
6
Suppose i - 146 = 4*m, 5*i = 2*i + 2*m + 458. Let g be (0 - -2)/(1/7). What is the highest common factor of g and i?
14
Suppose -15 = -2*t + 11. Calculate the greatest common factor of 39 and t.
13
Suppose -6*a = -5*a - 77. Let b(q) = 2*q**2 + q + 1. Let k be b(-2). Calculate the greatest common factor of a and k.
7
Suppose -4*n = -143 + 31. Calculate the highest common divisor of n and 308.
28
Let f(v) = -8*v - 3. Let k be f(-3). Let n be (-128)/(-3) + (-10)/15. Calculate the greatest common divisor of n and k.
21
Suppose 69 = 2*z + z. Let f = z - 12. What is the highest common divisor of f and 77?
11
Let p(n) be the second derivative of n**4/12 - 2*n**3/3 - 3*n**2/2 + n. Let h be p(-5). Calculate the greatest common divisor of h and 28.
14
Let i(y) = -y**3 + 6*y**2 + 2*y - 4. Let p be (-2)/(-6) - 51/(-9). Let l be i(p). What is the greatest common factor of l and 40?
8
Let n = 2 + 0. Let d be (n + 24/(-9))*-3. Calculate the greatest common factor of 4 and d.
2
Suppose 0 = -5*u - 20, -4*u + u - 62 = -2*y. Suppose y - 70 = -3*z. Calculate the highest common divisor of 135 and z.
15
Let u(b) = -b + 12. Let j be u(5). Let o = 25 - 11. Calculate the greatest common divisor of o and j.
7
Let w = -214 - -446. Calculate the greatest common factor of 29 and w.
29
Suppose -210 = -12*s + 10*s. Suppose a + 7 - s = -5*d, -3*d + 2*a = -64. Let t be (-4)/14 - (-72)/7. What is the greatest common factor of d and t?
10
Let r = 6 - 4. Let g be 7 - (r - 5)/3. What is the greatest common divisor of 88 and g?
8
Let x = -4 - -5. Let z be (36/x)/(4/12). Calculate the highest common divisor of 12 and z.
12
Let w be (3/6)/((-3)/(-102)). Suppose -2*c + 177 + 127 = 0. Let n = c - -18. What is the highest common divisor of n and w?
17
Let a(y) = y**3 + y - 3. Let v be a(4). Calculate the greatest common divisor of v and 13.
13
Let x(w) = w**2 - 9*w - 6. Let r be x(10). Suppose r*a - 6*a + 24 = 0. What is the highest common factor of a and 4?
4
Suppose 104 + 56 = 5*d. Calculate the highest common divisor of d and 4.
4
Suppose r = 1 + 2. Suppose -r*m + 5*m = -y + 7, -4*m = 3*y - 19. Suppose -y*j + 9 = -4*j. Calculate the highest common factor of 18 and j.
9
Let k(a) = -2*a - 3. Let l be k(-3). Suppose 0 = -l*r - 68 + 308. Calculate the greatest common divisor of 10 and r.
10
Let z be (-4 + 9)*(2 - 3). Let q = z - -10. What is the greatest common divisor of q and 45?
5
Let a be (10/4)/((-1)/(-2)). Suppose -a*d = -31 - 9. Calculate the greatest common factor of 1 and d.
1
Suppose -c = 11 + 3. Let w = -6 - c. What is the greatest common divisor of w and 8?
8
Let w(m) = 2 - m**3 - 5*m**2 + 3*m - m**3 + 4. Let x be w(-5). Calculate the greatest common divisor of 29 and x.
29
Suppose -2000 = -8*z + 4*z. Suppose -5*m + 5*t = -z - 30, 0 = 2*m + 5*t - 198. What is the greatest common divisor of m and 26?
26
Let z = -3 - -2. Let l = z + 6. Suppose -x - 10 = 2*c - l*x, -4*c = -3*x - 5. Calculate the greatest common factor of 2 and c.
1
Let h be (0/(-1))/(4 + -6). Suppose -z + 7 = -h*z. Suppose -w + 0 = -z. What is the greatest common factor of 7 and w?
7
Let j = -4 + 2. Let t be 0*2/(j - 2). Suppose t = 2*q - 5*q + 96. What is the greatest common divisor of q and 4?
4
Let p be -15 + 47 - (-5 + 1). What is the greatest common factor of p and 4?
4
Let h(m) = 8*m**2 + 8*m + 4. Let l be h(-4). Let u(v) = v**2 - 3*v. Let n be u(5). Calculate the greatest common divisor of n and l.
10
Let a = -1 - 0. Let v = a - -3. Let n be 5 + 3 + -3 + -3. Calculate the highest common divisor of n and v.
2
Suppose 12*i = 17*i - 70. Calculate the highest common factor of i and 112.
14
Suppose -4*r + 2*x - 382 = 0, 2*x - x = -3*r - 299. Let d be (-1 - 0)/(2/r). Calculate the highest common divisor of 7 and d.
7
Let y be (75/4)/(6/24). What is the highest common factor of 50 and y?
25
Suppose -t = -5*m - 4*t + 447, 182 = 2*m - 2*t. Calculate the highest common factor of m and 18.
18
Let c = -45 - -50. Calculate the highest common divisor of 35 and c.
5
Suppose 0 = -4*s + 2*n - 7*n + 214, 4*n = 5*s - 288. Calculate the greatest common factor of s and 7.
7
Suppose a - 3*c = -0*a + 17, 4*a - 32 = 3*c. Let m = 9 - a. Let f(b) = -b**2 + 7*b + 3. Let i be f(m). Calculate the greatest common divisor of i and 120.
15
Suppose 3*k = t + 5*k - 31, 199 = 5*t - k. Let l = 22 - t. Let x = 59 + l. Calculate the greatest common divisor of 6 and x.
6
Let m(d) = d**3 + d**2 - d - 1. Let x be m(-3). Let a = x + 27. Let y(r) = 12*r + 12. Let b be y(a). What is the highest common divisor of b and 16?
16
Let n be ((-52)/12)/((-2)/6). Suppose -n = -3*j + c, 4*j - 4*c - 7 = j. Let b = -71 + 126. Calculate the greatest common factor of j and b.
5
Suppose -6 - 15 = -l. Let z(j) = -j + 15. Let v be z(-6). What is the greatest common divisor of v and l?
21
Let t(f) = -f**3 + f**2. Let k be t(-1). Suppose -k*p = x - 30, p - 20 = 4*x + 13. Calculate the highest common divisor of p and 